{"id":348,"date":"2014-12-03T11:35:08","date_gmt":"2014-12-03T10:35:08","guid":{"rendered":"http:\/\/bcv.nuovimecenati.org\/?page_id=348"},"modified":"2026-01-26T15:46:04","modified_gmt":"2026-01-26T14:46:04","slug":"struttura","status":"publish","type":"page","link":"https:\/\/www.nuovimecenati.org\/fr\/struttura\/","title":{"rendered":"Structure"},"content":{"rendered":"<h5>Conseil d\u2019administration<\/h5>\n<ul>\n<li><strong><a href=\"https:\/\/www.nuovimecenati.org\/fr\/vinicio-mati2\/\">Vinicio Mati<\/a><\/strong>, Pr\u00e9sident<\/li>\n<li><a href=\"https:\/\/www.nuovimecenati.org\/fr\/176\/\"><strong>Martin Briens,<\/strong><\/a> Ambassadeur de France en Italie et Pr\u00e9sident honoraire de la Fondation<\/li>\n<\/ul>\n<ul>\n<li><a href=\"https:\/\/www.nuovimecenati.org\/fr\/giampiero-massolo\/\"><strong>Giampiero Massolo<\/strong><\/a> \u2013 MUNDYS \u2013 Conseiller<\/li>\n<li><strong><a href=\"https:\/\/www.nuovimecenati.org\/fr\/marcello-cattani\/\">Marcello Cattani<\/a>\u00a0<\/strong>\u2013 SANOFI \u2013 Conseiller<\/li>\n<li><b><a href=\"https:\/\/www.nuovimecenati.org\/fr\/nicola-monti\/\">Nicola Monti<\/a><\/b> \u2013 EDISON \u2013 Conseiller<\/li>\n<li><strong><a href=\"https:\/\/www.nuovimecenati.org\/fr\/stefano-scisciolo\/\">Stefano Scisciolo<\/a> <\/strong>\u2013 TOTALENERGIES EP Italie \u2013 Conseiller<\/li>\n<li><strong><a href=\"https:\/\/www.nuovimecenati.org\/fr\/alexander-keller\/\">Alexander Keller<\/a><\/strong> \u2013 CHANEL \u2013 Conseill\u00e8re<\/li>\n<li><a href=\"https:\/\/www.nuovimecenati.org\/fr\/hugues-brasseur-2\/\"><b>Hugues Brasseur <\/b><\/a>\u2013 CREDIT AGRICOLE ITALIA \u2013 Conseiller<\/li>\n<li><a href=\"https:\/\/www.nuovimecenati.org\/fr\/viviana-caslini\/\"><b>Viviana Caslini<\/b><\/a> \u2013 CARTIER \u2013 Conseill\u00e8re<\/li>\n<\/ul>\n<h5>Secr\u00e9tariat g\u00e9n\u00e9ral<\/h5>\n<ul>\n<li><a href=\"https:\/\/www.nuovimecenati.org\/fr\/emilie-renouvin\/\"><b>\u00c9milie Renouvin<\/b><\/a>, Secr\u00e9taire g\u00e9n\u00e9rale<\/li>\n<\/ul>\n<h5>Coll\u00e8ge des R\u00e9viseurs<\/h5>\n<ul>\n<li><strong>Marco Strabbioli<\/strong>, Pr\u00e9sident<\/li>\n<li><strong>Andrea D\u2019Isanto<\/strong>, Membre titulaire<\/li>\n<li><strong>Giovanna Cosma<\/strong>, Membre titulaire<\/li>\n<\/ul>\n<h5>Pr\u00e9sidence<\/h5>\n<ul>\n<li><strong><a href=\"https:\/\/www.nuovimecenati.org\/fr\/vinicio-mati2\/\">Vinicio Mati<\/a><\/strong>, Pr\u00e9sident<\/li>\n<li><a title=\"Marcel Patrignani\" href=\"https:\/\/www.nuovimecenati.org\/fr\/marcel-patrignani\/\"><strong>Marcel Patrignani<\/strong><\/a> \u2013 ALTRAN\u2013 Secr\u00e9taire<\/li>\n<li><strong>Massimo de Felici<\/strong>\u00a0\u2013 SANOFI \u2013 Tr\u00e9sorier<\/li>\n<\/ul>\n<h5>Comit\u00e9 artistique<\/h5>\n<ul>\n<li>Spectacle vivant \/ Th\u00e9\u00e2tre : <strong><a href=\"https:\/\/www.nuovimecenati.org\/fr\/cristiano-leone\/\">Cristiano Leone<\/a><\/strong><\/li>\n<li>Musique : <a href=\"https:\/\/www.nuovimecenati.org\/fr\/mathilde-bezard\/\"><strong>Mathilde B\u00e9zard<\/strong><\/a><\/li>\n<li>Danse \/ Cirque : <a href=\"https:\/\/www.nuovimecenati.org\/fr\/beatrice-horn\/\"><strong>B\u00e9atrice Horn<\/strong><\/a><\/li>\n<li>Arts Visuels \/ Espace public : <a href=\"https:\/\/www.nuovimecenati.org\/fr\/?p=5459&amp;preview=true\"><strong>Valerio Rocco Orlando<\/strong><\/a><\/li>\n<\/ul>\n<h5>Relations m\u00e9c\u00e8nes<\/h5>\n<ul>\n<li><strong>Caterina Conflitti<\/strong><\/li>\n<\/ul>\n<hr \/>\n<h5>\u00a0Anciens membres<\/h5>\n<ul>\n<li><strong>Ludovico Ortona<\/strong>, Pr\u00e9sident jusqu&rsquo;en janvier 2025<\/li>\n<li><strong>Christian Masset<\/strong>, Pr\u00e9sident honoraire (septembre 2017 &#8211; juillet 2023)<\/li>\n<li><strong>Catherine Colonna<\/strong>, Pr\u00e9sidente honoraire (septembre 2014 \u2013 ao\u00fbt 2017)<\/li>\n<li><strong>Alain Le Roy<\/strong>, Pr\u00e9sident (janvier 2012 \u2013 ao\u00fbt 2014)<\/li>\n<li><strong>Ralph Fassey, <\/strong>LUNDBECK (novembre 2010 \u2013 janvier 2015)<\/li>\n<li><strong>Nathalie Limet, <\/strong>TOTAL (d\u00e9cembre 2013 \u2013 mars 2015)<\/li>\n<li><strong>Lucianicoletta Chiechi<\/strong>, Membre suppl\u00e9ant des R\u00e9viseur aux comptes (2006 \u2013 2014)<\/li>\n<li><strong>Bruno Lescoeur, <\/strong>EDISON (janvier 2013 &#8211; d\u00e9cembre 2015)<\/li>\n<\/ul>\n","protected":false},"excerpt":{"rendered":"<p>Conseil d\u2019administration Vinicio Mati, Pr\u00e9sident Martin Briens, Ambassadeur de France en Italie et Pr\u00e9sident honoraire de la Fondation Giampiero Massolo \u2013 MUNDYS \u2013 Conseiller Marcello Cattani\u00a0\u2013 SANOFI \u2013 Conseiller Nicola Monti \u2013 EDISON \u2013 Conseiller Stefano Scisciolo \u2013 TOTALENERGIES EP Italie \u2013 Conseiller Alexander Keller \u2013 CHANEL \u2013 Conseill\u00e8re Hugues Brasseur \u2013 CREDIT AGRICOLE ITALIA<a class=\"more-link\" href=\"https:\/\/www.nuovimecenati.org\/fr\/struttura\/\">Continua<\/a><\/p>\n","protected":false},"author":18,"featured_media":0,"parent":0,"menu_order":0,"comment_status":"closed","ping_status":"closed","template":"","meta":{"_acf_changed":false,"footnotes":""},"class_list":["post-348","page","type-page","status-publish","hentry"],"acf":[],"_links":{"self":[{"href":"https:\/\/www.nuovimecenati.org\/fr\/wp-json\/wp\/v2\/pages\/348","targetHints":{"allow":["GET"]}}],"collection":[{"href":"https:\/\/www.nuovimecenati.org\/fr\/wp-json\/wp\/v2\/pages"}],"about":[{"href":"https:\/\/www.nuovimecenati.org\/fr\/wp-json\/wp\/v2\/types\/page"}],"author":[{"embeddable":true,"href":"https:\/\/www.nuovimecenati.org\/fr\/wp-json\/wp\/v2\/users\/18"}],"replies":[{"embeddable":true,"href":"https:\/\/www.nuovimecenati.org\/fr\/wp-json\/wp\/v2\/comments?post=348"}],"version-history":[{"count":0,"href":"https:\/\/www.nuovimecenati.org\/fr\/wp-json\/wp\/v2\/pages\/348\/revisions"}],"wp:attachment":[{"href":"https:\/\/www.nuovimecenati.org\/fr\/wp-json\/wp\/v2\/media?parent=348"}],"curies":[{"name":"wp","href":"https:\/\/api.w.org\/{rel}","templated":true}]}}

<h5>Conseil d’administration</h5>
<ul>
<li><strong><a href="https://www.nuovimecenati.org/fr/vinicio-mati2/">Vinicio Mati</a></strong>, Président</li>
<li><a href="https://www.nuovimecenati.org/fr/176/"><strong>Martin Briens,</strong></a> Ambassadeur de France en Italie et Président honoraire de la Fondation</li>
</ul>
<ul>
<li><a href="https://www.nuovimecenati.org/fr/giampiero-massolo/"><strong>Giampiero Massolo</strong></a> – MUNDYS – Conseiller</li>
<li><strong><a href="https://www.nuovimecenati.org/fr/marcello-cattani/">Marcello Cattani</a> </strong>– SANOFI – Conseiller</li>
<li><b><a href="https://www.nuovimecenati.org/fr/nicola-monti/">Nicola Monti</a></b> – EDISON – Conseiller</li>
<li><strong><a href="https://www.nuovimecenati.org/fr/stefano-scisciolo/">Stefano Scisciolo</a> </strong>– TOTALENERGIES EP Italie – Conseiller</li>
<li><strong><a href="https://www.nuovimecenati.org/fr/alexander-keller/">Alexander Keller</a></strong> – CHANEL – Conseillère</li>
<li><a href="https://www.nuovimecenati.org/fr/hugues-brasseur-2/"><b>Hugues Brasseur </b></a>– CREDIT AGRICOLE ITALIA – Conseiller</li>
<li><a href="https://www.nuovimecenati.org/fr/viviana-caslini/"><b>Viviana Caslini</b></a> – CARTIER – Conseillère</li>
</ul>
<h5>Secrétariat général</h5>
<ul>
<li><a href="https://www.nuovimecenati.org/fr/emilie-renouvin/"><b>Émilie Renouvin</b></a>, Secrétaire générale</li>
</ul>
<h5>Collège des Réviseurs</h5>
<ul>
<li><strong>Marco Strabbioli</strong>, Président</li>
<li><strong>Andrea D’Isanto</strong>, Membre titulaire</li>
<li><strong>Giovanna Cosma</strong>, Membre titulaire</li>
</ul>
<h5>Présidence</h5>
<ul>
<li><strong><a href="https://www.nuovimecenati.org/fr/vinicio-mati2/">Vinicio Mati</a></strong>, Président</li>
<li><a title="Marcel Patrignani" href="https://www.nuovimecenati.org/fr/marcel-patrignani/"><strong>Marcel Patrignani</strong></a> – ALTRAN– Secrétaire</li>
<li><strong>Massimo de Felici</strong> – SANOFI – Trésorier</li>
</ul>
<h5>Comité artistique</h5>
<ul>
<li>Spectacle vivant / Théâtre : <strong><a href="https://www.nuovimecenati.org/fr/cristiano-leone/">Cristiano Leone</a></strong></li>
<li>Musique : <a href="https://www.nuovimecenati.org/fr/mathilde-bezard/"><strong>Mathilde Bézard</strong></a></li>
<li>Danse / Cirque : <a href="https://www.nuovimecenati.org/fr/beatrice-horn/"><strong>Béatrice Horn</strong></a></li>
<li>Arts Visuels / Espace public : <a href="https://www.nuovimecenati.org/fr/?p=5459&amp;preview=true"><strong>Valerio Rocco Orlando</strong></a></li>
</ul>
<h5>Relations mécènes</h5>
<ul>
<li><strong>Caterina Conflitti</strong></li>
</ul>
<hr />
<h5> Anciens membres</h5>
<ul>
<li><strong>Ludovico Ortona</strong>, Président jusqu&rsquo;en janvier 2025</li>
<li><strong>Christian Masset</strong>, Président honoraire (septembre 2017 &#8211; juillet 2023)</li>
<li><strong>Catherine Colonna</strong>, Présidente honoraire (septembre 2014 – août 2017)</li>
<li><strong>Alain Le Roy</strong>, Président (janvier 2012 – août 2014)</li>
<li><strong>Ralph Fassey, </strong>LUNDBECK (novembre 2010 – janvier 2015)</li>
<li><strong>Nathalie Limet, </strong>TOTAL (décembre 2013 – mars 2015)</li>
<li><strong>Lucianicoletta Chiechi</strong>, Membre suppléant des Réviseur aux comptes (2006 – 2014)</li>
<li><strong>Bruno Lescoeur, </strong>EDISON (janvier 2013 &#8211; décembre 2015)</li>
</ul>

<p>Conseil d’administration Vinicio Mati, Président Martin Briens, Ambassadeur de France en Italie et Président honoraire de la Fondation Giampiero Massolo – MUNDYS – Conseiller Marcello Cattani – SANOFI – Conseiller Nicola Monti – EDISON – Conseiller Stefano Scisciolo – TOTALENERGIES EP Italie – Conseiller Alexander Keller – CHANEL – Conseillère Hugues Brasseur – CREDIT AGRICOLE ITALIA<a class="more-link" href="https://www.nuovimecenati.org/fr/struttura/">Continua</a></p>
