{"id":339,"date":"2014-12-03T11:36:52","date_gmt":"2014-12-03T10:36:52","guid":{"rendered":"http:\/\/bcv.nuovimecenati.org\/?page_id=339"},"modified":"2026-01-26T15:46:00","modified_gmt":"2026-01-26T14:46:00","slug":"temoignages","status":"publish","type":"page","link":"https:\/\/www.nuovimecenati.org\/fr\/temoignages\/","title":{"rendered":"T\u00e9moignages"},"content":{"rendered":"<blockquote><p>Je suis tr\u00e8s heureux de rejoindre la Fondation Nuovi Mecenati, o\u00f9 je vais apporter ma passion et mon enthousiasme.<\/p>\n<p style=\"text-align: right;\"><strong>Fran\u00e7ois-Marc Sastre<\/strong><br \/>\nSouth-East Europe Managing Director Cartier &#8211; South-East Europe<\/p>\n<hr \/>\n<p>&nbsp;<\/p>\n<p>La collaboration avec la Fondation Nuovi Mecenati, attentive et fructueuse, a permis \u00e0 Uovo performing arts festival d\u2019accueillir \u00e0 Milan J\u00e9r\u00f4me Bel, un des artistes les plus brillants et impertinents de la sc\u00e8ne fran\u00e7aise.<\/p><\/blockquote>\n<p style=\"text-align: right;\"><strong>Umberto Angelini<\/strong><br \/>\nDirecteur artistique Uovo performing arts<\/p>\n<hr \/>\n<blockquote><p>Altran Italia reconnait l\u2019importance du soutien et de la diffusion \u00e0 la cr\u00e9ativit\u00e9 et aux expressions artistiques. Ce sont des symboles de la culture qui participent ainsi au d\u00e9veloppement et au bien-\u00eatre de la communaut\u00e9 enti\u00e8re et qu\u2019Altran soutient \u00e0 travers ses activit\u00e9s de Corporate Responsability.<br \/>\nC\u2019est pour cette raison qu\u2019Altran a d\u00e9cid\u00e9 de faire partie de la Fondation Nuovi Mecenati en soutenant de nombreux projets de musique, th\u00e9\u00e2tre, cin\u00e9ma et arts visuels.<\/p><\/blockquote>\n<p style=\"text-align: right;\"><strong>Marcel Patrignani<\/strong><br \/>\nPr\u00e9sident Directeur g\u00e9n\u00e9ral Altran Italia Spa<\/p>\n<hr \/>\n<blockquote><p>Depuis 2008 la Fondation Nuovi Mecenati soutient le Teatro delle Moire \u00e0 la r\u00e9alisation de Danae Festival. Cette collaboration a \u00e9t\u00e9 une occasion importante afin de poursuivre notre exploration de la sc\u00e8ne contemporaine fran\u00e7aise et a permis de pr\u00e9senter \u00e0 Milan des travaux d\u2019artistes de grand talent parfois encore m\u00e9connus du public italien.<br \/>\nLes relations nou\u00e9es au cours de ces ann\u00e9es ont permis entre autre au Danae Festival de s\u2019associer, \u00e0 partir de 2012, \u00e0 un r\u00e9seau international de festivals dont le chef de file est un partenaire fran\u00e7ais.<\/p><\/blockquote>\n<p style=\"text-align: right;\"><strong>Attilio Nicoli Cristiani<\/strong><br \/>\nAssociation Teatro delle Moire (Cusano Milanino)<\/p>\n<hr \/>\n<blockquote><p>La Fondation Nuovi Mecenati, en 2014, a \u00e9t\u00e9 un interlocuteur fondamental non seulement en ce qui concerne la r\u00e9alisation de \u00ab\u00a0<em>Segni d&rsquo;infanzia festival internazionale per le nuove generazioni\u00a0\u00bb<\/em> mais aussi pour l\u2019impulsion que cet investissement donne \u00e0 la culture en g\u00e9n\u00e9ral.<br \/>\nSavoir qu\u2019il existe des entreprises qui croient en la culture et qui soutiennent des artistes de leur propre pays m\u00eame au-del\u00e0 des fronti\u00e8res permet de conf\u00e9rer un souffle vraiment europ\u00e9en aux projets que nous cherchons de tisser depuis plusieurs ann\u00e9es.<br \/>\nNous avons pu ainsi r\u00e9aliser un projet organique et structurer des relations avec le public et avec les op\u00e9rateurs qui sont d\u00e9j\u00e0 en train de porter leurs fruits en 2015.<\/p><\/blockquote>\n<p style=\"text-align: right;\"><strong>Cristina Cazzola<\/strong><br \/>\nDirectrice artistique Segni d&rsquo;infanzia<\/p>\n<hr \/>\n<blockquote><p>Le spectacle de la Cie 111 PLAN B d\u2019Aur\u00e9lien Bory et Phil Soltanoff programm\u00e9 au cours de la premi\u00e8re \u00e9dition de La Francia in Scena 2015 a obtenu un tr\u00e8s bon succ\u00e8s, notamment en vertu de la forte pr\u00e9sence d\u2019un public jeune qui habituellement ne fr\u00e9quente pas la programmation de la grande salle du Th\u00e9\u00e2tre Vittorio Emanuele de Messine. On a pu constater, outre la participation de la ville, une forte participation des provinces limitrophes (Catane et Syracuse).\u00a0Le public a beaucoup appr\u00e9ci\u00e9 le choix du spectacle PLAN B, en accueillant la compagnie avec de longs applaudissements et des ovations. La rencontre publique avec Aur\u00e9lien Bory et Phil Soltanoff, moder\u00e9e par Vincenza Di Vita (professeur de th\u00e9orie et des techniques de l\u2019acteur du D\u00e9partement CSECS de l\u2019Universit\u00e9 de Messine) a aussi obtenu beaucoup de succ\u00e8s.<br \/>\nLe Th\u00e9\u00e2tre Vittorio Emmanuele de Messine renouvelle son intention de poursuivre une programmation sur les nouveaux langages du cirque et de la danse, afin d\u2019\u00e9largir sa propre proposition culturelle en visant non seulement \u00e0 l\u2019augmentation de son public mais aussi \u00e0 la formation d\u2019un nouveau public.<br \/>\nLe soutien de la Fondation a \u00e9t\u00e9 bien entendu significatif non seulement d\u2019un point de vue \u00e9conomique mais a \u00e9t\u00e9 encore plus important pour cr\u00e9er un r\u00e9seau sur le territoire qui permette surtout de d\u00e9velopper l&rsquo;aspect promotionnel et de l&rsquo;image.<\/p><\/blockquote>\n<p style=\"text-align: right;\"><strong>Corrado Russo, directeur artistique de l\u2019Ente Autonomo Regionale<\/strong><br \/>\nTh\u00e9\u00e2tre Vittorio Emmanuele di Messina<\/p>\n","protected":false},"excerpt":{"rendered":"<p>Je suis tr\u00e8s heureux de rejoindre la Fondation Nuovi Mecenati, o\u00f9 je vais apporter ma passion et mon enthousiasme. Fran\u00e7ois-Marc Sastre South-East Europe Managing Director Cartier &#8211; South-East Europe &nbsp; La collaboration avec la Fondation Nuovi Mecenati, attentive et fructueuse, a permis \u00e0 Uovo performing arts festival d\u2019accueillir \u00e0 Milan J\u00e9r\u00f4me Bel, un des artistes<a class=\"more-link\" href=\"https:\/\/www.nuovimecenati.org\/fr\/temoignages\/\">Continua<\/a><\/p>\n","protected":false},"author":18,"featured_media":0,"parent":0,"menu_order":0,"comment_status":"closed","ping_status":"closed","template":"","meta":{"_acf_changed":false,"footnotes":""},"class_list":["post-339","page","type-page","status-publish","hentry"],"acf":[],"_links":{"self":[{"href":"https:\/\/www.nuovimecenati.org\/fr\/wp-json\/wp\/v2\/pages\/339","targetHints":{"allow":["GET"]}}],"collection":[{"href":"https:\/\/www.nuovimecenati.org\/fr\/wp-json\/wp\/v2\/pages"}],"about":[{"href":"https:\/\/www.nuovimecenati.org\/fr\/wp-json\/wp\/v2\/types\/page"}],"author":[{"embeddable":true,"href":"https:\/\/www.nuovimecenati.org\/fr\/wp-json\/wp\/v2\/users\/18"}],"replies":[{"embeddable":true,"href":"https:\/\/www.nuovimecenati.org\/fr\/wp-json\/wp\/v2\/comments?post=339"}],"version-history":[{"count":0,"href":"https:\/\/www.nuovimecenati.org\/fr\/wp-json\/wp\/v2\/pages\/339\/revisions"}],"wp:attachment":[{"href":"https:\/\/www.nuovimecenati.org\/fr\/wp-json\/wp\/v2\/media?parent=339"}],"curies":[{"name":"wp","href":"https:\/\/api.w.org\/{rel}","templated":true}]}}

Témoignages

<blockquote><p>Je suis très heureux de rejoindre la Fondation Nuovi Mecenati, où je vais apporter ma passion et mon enthousiasme.</p>
<p style="text-align: right;"><strong>François-Marc Sastre</strong><br />
South-East Europe Managing Director Cartier &#8211; South-East Europe</p>
<hr />
<p>&nbsp;</p>
<p>La collaboration avec la Fondation Nuovi Mecenati, attentive et fructueuse, a permis à Uovo performing arts festival d’accueillir à Milan Jérôme Bel, un des artistes les plus brillants et impertinents de la scène française.</p></blockquote>
<p style="text-align: right;"><strong>Umberto Angelini</strong><br />
Directeur artistique Uovo performing arts</p>
<hr />
<blockquote><p>Altran Italia reconnait l’importance du soutien et de la diffusion à la créativité et aux expressions artistiques. Ce sont des symboles de la culture qui participent ainsi au développement et au bien-être de la communauté entière et qu’Altran soutient à travers ses activités de Corporate Responsability.<br />
C’est pour cette raison qu’Altran a décidé de faire partie de la Fondation Nuovi Mecenati en soutenant de nombreux projets de musique, théâtre, cinéma et arts visuels.</p></blockquote>
<p style="text-align: right;"><strong>Marcel Patrignani</strong><br />
Président Directeur général Altran Italia Spa</p>
<hr />
<blockquote><p>Depuis 2008 la Fondation Nuovi Mecenati soutient le Teatro delle Moire à la réalisation de Danae Festival. Cette collaboration a été une occasion importante afin de poursuivre notre exploration de la scène contemporaine française et a permis de présenter à Milan des travaux d’artistes de grand talent parfois encore méconnus du public italien.<br />
Les relations nouées au cours de ces années ont permis entre autre au Danae Festival de s’associer, à partir de 2012, à un réseau international de festivals dont le chef de file est un partenaire français.</p></blockquote>
<p style="text-align: right;"><strong>Attilio Nicoli Cristiani</strong><br />
Association Teatro delle Moire (Cusano Milanino)</p>
<hr />
<blockquote><p>La Fondation Nuovi Mecenati, en 2014, a été un interlocuteur fondamental non seulement en ce qui concerne la réalisation de « <em>Segni d&rsquo;infanzia festival internazionale per le nuove generazioni »</em> mais aussi pour l’impulsion que cet investissement donne à la culture en général.<br />
Savoir qu’il existe des entreprises qui croient en la culture et qui soutiennent des artistes de leur propre pays même au-delà des frontières permet de conférer un souffle vraiment européen aux projets que nous cherchons de tisser depuis plusieurs années.<br />
Nous avons pu ainsi réaliser un projet organique et structurer des relations avec le public et avec les opérateurs qui sont déjà en train de porter leurs fruits en 2015.</p></blockquote>
<p style="text-align: right;"><strong>Cristina Cazzola</strong><br />
Directrice artistique Segni d&rsquo;infanzia</p>
<hr />
<blockquote><p>Le spectacle de la Cie 111 PLAN B d’Aurélien Bory et Phil Soltanoff programmé au cours de la première édition de La Francia in Scena 2015 a obtenu un très bon succès, notamment en vertu de la forte présence d’un public jeune qui habituellement ne fréquente pas la programmation de la grande salle du Théâtre Vittorio Emanuele de Messine. On a pu constater, outre la participation de la ville, une forte participation des provinces limitrophes (Catane et Syracuse). Le public a beaucoup apprécié le choix du spectacle PLAN B, en accueillant la compagnie avec de longs applaudissements et des ovations. La rencontre publique avec Aurélien Bory et Phil Soltanoff, moderée par Vincenza Di Vita (professeur de théorie et des techniques de l’acteur du Département CSECS de l’Université de Messine) a aussi obtenu beaucoup de succès.<br />
Le Théâtre Vittorio Emmanuele de Messine renouvelle son intention de poursuivre une programmation sur les nouveaux langages du cirque et de la danse, afin d’élargir sa propre proposition culturelle en visant non seulement à l’augmentation de son public mais aussi à la formation d’un nouveau public.<br />
Le soutien de la Fondation a été bien entendu significatif non seulement d’un point de vue économique mais a été encore plus important pour créer un réseau sur le territoire qui permette surtout de développer l&rsquo;aspect promotionnel et de l&rsquo;image.</p></blockquote>
<p style="text-align: right;"><strong>Corrado Russo, directeur artistique de l’Ente Autonomo Regionale</strong><br />
Théâtre Vittorio Emmanuele di Messina</p>

<p>Je suis très heureux de rejoindre la Fondation Nuovi Mecenati, où je vais apporter ma passion et mon enthousiasme. François-Marc Sastre South-East Europe Managing Director Cartier &#8211; South-East Europe &nbsp; La collaboration avec la Fondation Nuovi Mecenati, attentive et fructueuse, a permis à Uovo performing arts festival d’accueillir à Milan Jérôme Bel, un des artistes<a class="more-link" href="https://www.nuovimecenati.org/fr/temoignages/">Continua</a></p>
